at is -42611 + 6801?
-36910
In base 13, what is -5 + 255c72b0?
255c72a8
In base 14, what is 8ba32 + -1b?
8ba15
In base 3, what is 11010001 + 201201?
11211202
In base 5, what is -12414033 + -24044?
-12443132
In base 3, what is -12 + 20020221200222?
20020221200210
In base 14, what is -12 + 35a95ba?
35a95a8
In base 12, what is 7a6 + -6857?
-6071
In base 7, what is -134 - -2142644?
2142510
In base 3, what is 12 + -1001101010211020?
-1001101010211001
In base 14, what is 2b8964 + 21?
2b8985
In base 4, what is -110231 + 1013233?
303002
In base 9, what is -7 + 47751085?
47751077
In base 12, what is 5771 - -21718?
27289
In base 3, what is -122011210220 + 211211?
-122010222002
In base 4, what is 1023012 + 312103?
2001121
In base 12, what is 628 + -18a300?
-189894
In base 12, what is 6 + 29b07bb?
29b0805
In base 2, what is -101000011110110110 + 1011111111?
-101000010010110111
In base 2, what is -100010110101101110111000 + -1100?
-100010110101101111000100
In base 4, what is 210022302011 + 3?
210022302020
In base 10, what is -1388151 - -469?
-1387682
In base 4, what is 1111 - -2200222033?
2200223210
In base 13, what is 5 + -39275107?
-39275102
In base 5, what is -22 - 2033234203?
-2033234230
In base 6, what is -13 - 14351150?
-14351203
In base 10, what is -30879782 - -3?
-30879779
In base 8, what is 5 + 5531427?
5531434
In base 8, what is -4 + -31351614?
-31351620
In base 9, what is -35481 - 244?
-35735
In base 11, what is -3a7631 - -21?
-3a7610
In base 7, what is -2114 - 2364552?
-2366666
In base 8, what is -42562 - 470?
-43252
In base 16, what is -2a1a + -5a23?
-843d
In base 8, what is -52276 - -4264?
-46012
In base 8, what is 743 - -112255?
113220
In base 14, what is -bbc035a + 1?
-bbc0359
In base 9, what is -16345775 - -104?
-16345671
In base 5, what is -1 - 21103041244?
-21103041300
In base 8, what is -623700327 + 2?
-623700325
In base 16, what is cac9 - -57?
cb20
In base 16, what is -482ef79a + -4?
-482ef79e
In base 2, what is 100 - -10101101010010111100000101?
10101101010010111100001001
In base 3, what is 10011110010211111 + -2?
10011110010211102
In base 2, what is -1100100000111111 + 1?
-1100100000111110
In base 11, what is 660 + -49898?
-49238
In base 5, what is -10444023 - -20344?
-10423124
In base 6, what is -123112335 + 1004?
-123111331
In base 15, what is 6601ad3 + 5?
6601ad8
In base 12, what is -6b10286a + -3?
-6b102871
In base 9, what is 30376 - 67185?
-36708
In base 5, what is -312121411411 + 4?
-312121411402
In base 5, what is 33 + 14211432444?
14211433032
In base 6, what is -212234024 + -23?
-212234051
In base 8, what is -2 + -350511?
-350513
In base 11, what is -2096 - -70152?
69067
In base 2, what is -10101100001010010010100 - 110?
-10101100001010010011010
In base 14, what is -336b5 - -615?
-330a0
In base 8, what is 110342 - -3124?
113466
In base 9, what is 2338 + 472405?
474744
In base 13, what is -5 - 83bcb6?
-83bcbb
In base 9, what is 6 + -101335581?
-101335574
In base 7, what is 24 + 41660643?
41661000
In base 8, what is 4735 - -642555?
647512
In base 3, what is -2022012 - 1002100101?
-1011122120
In base 9, what is 2 - 141064770?
-141064767
In base 5, what is -112042220124 + -10?
-112042220134
In base 8, what is 12153322 + 252?
12153574
In base 16, what is 0 + -1e3d92?
-1e3d92
In base 3, what is 12 + 202211001222212?
202211002000001
In base 4, what is -10122 - 101331133?
-102001321
In base 15, what is -69 - 1c149?
-1c1b3
In base 3, what is 101221222 - -20002?
102012001
In base 7, what is 166651003 + 0?
166651003
In base 9, what is -4278656 - -5?
-4278651
In base 11, what is 25216 - -4532?
29748
In base 3, what is -2012011012 - 202221?
-2012221010
In base 15, what is -3 + -20e8b14?
-20e8b17
In base 3, what is 2010000002002002 + 200?
2010000002002202
In base 11, what is 27081 - -345?
27416
In base 7, what is 6553255106 + -3?
6553255103
In base 4, what is -1123301 - 1012231?
-2202132
In base 5, what is 1103 - -321303?
322411
In base 3, what is 22221210020210012 + 2?
22221210020210021
In base 9, what is 10603110 - 115?
10602884
In base 15, what is 15 - 92b8a4?
-92b88e
In base 15, what is -4 + -162e0e2?
-162e0e6
In base 6, what is 2 + 1015251?
1015253
In base 2, what is -100111 - -101000010000111000011?
101000010000110011100
In base 15, what is aabd26 - -3?
aabd29
In base 7, what is 1 + -316266602?
-316266601
In base 2, what is 11110 + -1110011001111110110?
-1110011001111011000
In base 15, what is 3c271a6 - 3?
3c271a3
In base 5, what is 144003110 + -2223?
144000332
In base 11, what is -3 + 167a2a7?
167a2a4
In base 10, what is -67 - 349120?
-349187
In base 7, what is -6204 + 221301?
212064
In base 3, what is 12 - -101221022220020120?
101221022220020202
In base 14, what is -9439b - 3?
-943a0
In base 15, what is 29d4d + -1086?
28cb7
In base 9, what is 26322851 - -5?
26322856
In base 12, what is -3 + -41632a56?
-41632a59
In base 4, what is -32 + -311223130002?
-311223130100
In base 4, what is -1 + 2303212000311?
2303212000310
In base 5, what is -4 + -2123332312?
-2123332321
In base 3, what is 1201 + -10022220220002?
-10022220211101
In base 7, what is 10524 + -633426?
-622602
In base 7, what is 306025 + 2114?
311142
In base 2, what is 100 + -101100100010010100100111110?
-101100100010010100100111010
In base 8, what is 12 + 57116727?
57116741
In base 9, what is -42 + -10215653?
-10215705
In base 11, what is 624 + 1279a8?
128521
In base 4, what is 1010300131 - -3220?
1010310011
In base 15, what is 896 + 3e5?
c8b
In base 6, what is 222505550 - -10?
222510000
In base 5, what is -10434123 + 114?
-10434004
In base 2, what is 10111001111000100010100 - 1000?
10111001111000100001100
In base 8, what is -2 + 543713602?
543713600
In base 7, what is 650254515 - 10?
650254505
In base 4, what is -30 - 201330013?
-201330103
In base 12, what is -1608688 + 5?
-1608683
In base 9, what is 23 - 3575633?
-3575610
In base 14, what is b343 + -94d?
a7d4
In base 13, what is -80c0720 - 1?
-80c0721
In base 12, what is -141056 + -25?
-14107b
In base 13, what is c505b6 - -4?
c505ba
In base 4, what is -1102303311 + 112?
-1102303133
In base 15, what is -dd11 + -4d?
-dd5e
In base 6, what is 3254524450 + 4?
3254524454
In base 16, what is -9 - 33a1c7?
-33a1d0
In base 11, what is a6 - -590549?
590644
In base 9, what is -577642 + 1308?
-576333
In base 15, what is -ea6 + 890?
-616
In base 16, what is -691cdb + -56?
-691d31
In base 10, what is 17792 - -29344?
47136
In base 13, what is -ba - -8c0263?
8c0176
In base 15, what is 289db0 - c?
289da3
In base 14, what is 72440 + 42?
72482
In base 5, what is -10 + -24231124310?
-24231124320
In base 8, what is 3676241 + -23?
3676216
In base 4, what is -21 - 213023100?
-213023121
In base 9, what is -250675 + -350?
-251135
In base 11, what is -1701519a - -3?
-17015197
In base 15, what is -555 - 72369?
-728be
In base 2, what is 1001 + 1001010111111100100000001?
1001010111111100100001010
In base 7, what is 10025350 + 4?
10025354
In base 13, what is -20a + -14559?
-14766
In base 15, what is 451b + -36b?
41a0
In base 10, what is 5041645 - 0?
5041645
In base 5, what is -134341 + -40213?
-230104
In base 16, what is 1de17 + 276?
1e08d
In base 4, what is -13 - 30212130?
-30212203
In base 16, what is -2350 - -54c1?
3171
In base 2, what is -11 - -110011010001000100010011?
110011010001000100010000
In base 3, what is -12 - 220120010221120?
-220120010221202
In base 15, what is -6 + -1496c46?
-1496c4c
In base 9, what is -256100 - -7?
-256082
In base 6, what is -43 + 451042345?
451042302
In base 16, what is 5 + -2bcd243?
-2bcd23e
In base 9, what is -1887 + 131008?
128011
In base 13, what is -1891 + 3a79?
21b8
In base 11, what is -50a2192 + -5?
-50a2197
In base 7, what is -3 - -26106421?
26106415
In base 13, what is -13 + -69548?
-6955b
In base 14, what is 26d29a - -32?
26d2cc
In base 4, what is 21030300302 - -12?
21030300320
In base 9, what is 272042764 - -4?
272042768
In base 7, what is 14621 + -542?
14046
In base 5, what is -4344 - 12203?
-22102
In base 11, what is 16599 + -705?
15994
In base 8, what is -16763 + -3171?
-22154
In base 2, what is 1 - -11001101010001010111000?
11001101010001010111001
In base 4, what is 320030201 + -210?
320023331
In base 2, what is -100 + -1001010000010000101011011?
-1001010000010000101011111
In base 11, what is 2728947